{"id":4360,"date":"2019-06-16T13:06:24","date_gmt":"2019-06-16T12:06:24","guid":{"rendered":"http:\/\/vwbustreffen.ch\/wp\/?page_id=4360"},"modified":"2022-06-26T11:58:46","modified_gmt":"2022-06-26T10:58:46","slug":"vw-bus-treffen-2022","status":"publish","type":"page","link":"http:\/\/vwbustreffen.ch\/wp\/vw-bus-treffen-2022\/","title":{"rendered":"VW Bustreffen 2022 &#8211; Zrugg ze Wurzle"},"content":{"rendered":"<div class=\"wp-block-image\">\n<figure class=\"alignleft size-medium is-resized\"><img loading=\"lazy\" decoding=\"async\" src=\"http:\/\/vwbustreffen.ch\/wp\/wp-content\/uploads\/2022\/05\/279912936_452248403370679_6297906502021621348_n-300x212.jpg\" alt=\"\" class=\"wp-image-42296\" width=\"350\" height=\"247\" srcset=\"http:\/\/vwbustreffen.ch\/wp\/wp-content\/uploads\/2022\/05\/279912936_452248403370679_6297906502021621348_n-300x212.jpg 300w, http:\/\/vwbustreffen.ch\/wp\/wp-content\/uploads\/2022\/05\/279912936_452248403370679_6297906502021621348_n-768x541.jpg 768w, http:\/\/vwbustreffen.ch\/wp\/wp-content\/uploads\/2022\/05\/279912936_452248403370679_6297906502021621348_n.jpg 800w\" sizes=\"(max-width: 350px) 100vw, 350px\" \/><\/figure><\/div>\n\n\n<h3 class=\"wp-block-heading\">VW Bustreffen 2022 &#8211; Zrugg ze Wurzle<\/h3>\n\n\n\n<p>Nachdem wir im letzten Jahr Corona-bedingt nur ein &#8222;VW Bus Camping&#8220; machen konnten, waren wir dieses Jahr umso froher, dass wir endlich wieder ohne Einschr\u00e4nkungen ein Treffen veranstalten konnten. <\/p>\n\n\n\n<p>Nachdem 2020 das OK komplett gewechselt hat, haben wir uns zusammengesetzt und die Ausrichtung f\u00fcr die zuk\u00fcnftigen Treffen besprochen. In den Jahren zuvor wuchs die Verantwortung und Umsetzung immer mehr. Alles wurde gr\u00f6sser und komplexer &#8211; und damit r\u00fcckte auch der finanzielle Aspekt mehr und mehr in den Vordergrund. Daher beschlossen wir, das Treffen 2022 nach dem Motto &#8222;Zrugg ze Wurzle&#8220; auszurichten. Als gem\u00fctliches Beisammensein mit guter Musik und regem Austausch.  <\/p>\n\n\n<div class=\"wp-block-image\">\n<figure class=\"alignleft size-large is-resized\"><a href=\"http:\/\/vwbustreffen.ch\/wp\/wp-content\/uploads\/2022\/06\/IMG_0613-scaled-e1656236697895.jpg\"><img loading=\"lazy\" decoding=\"async\" src=\"http:\/\/vwbustreffen.ch\/wp\/wp-content\/uploads\/2022\/06\/IMG_0613-1024x768.jpg\" alt=\"\" class=\"wp-image-46219\" width=\"355\" height=\"265\"\/><\/a><\/figure><\/div>\n\n\n<p>So begann am Donnerstag Vormittag der Aufbau unserer Bar, die nun nicht mehr aus einem umgebauten Wohnwagen bestand, sondern aus einem Pavillon, einer Bierzeltgarnitur als Tresen und ein paar Lichteffekten. Das Restaurant Tunetsch gab uns einen Frigor und vom Sportcenter Olympica aus Gamsen haben wir eine Partybox zur Verf\u00fcgung gestellt bekommen, so dass der Aufbau mit guter Musik z\u00fcgig vonstatten ging.  <\/p>\n\n\n<div class=\"wp-block-image\">\n<figure class=\"alignright size-large is-resized\"><a href=\"http:\/\/vwbustreffen.ch\/wp\/wp-content\/uploads\/2022\/06\/UQCE9964-e1656233320122.jpg\"><img loading=\"lazy\" decoding=\"async\" src=\"http:\/\/vwbustreffen.ch\/wp\/wp-content\/uploads\/2022\/06\/UQCE9964-1024x768.jpg\" alt=\"\" class=\"wp-image-46107\" width=\"341\" height=\"254\"\/><\/a><\/figure><\/div>\n\n\n<p>Immer wieder fiel dabei auch der Blick auf den Wetterbericht, der f\u00fcr dieses Wochenende tropische Temperaturen um die 37 Grad im Schatten vorhersagte. Da der Campingplatz in M\u00f6rel nicht unbedingt mit Schatten prahlen kann, mussten wir uns etwas einfallen lassen. Ein befreundetes P\u00e4rchen stellte uns daher einen 10.000 Liter grossen Swimming Pool zur Verf\u00fcgung, den wir mit eiskaltem Wasser aus der Rhone gef\u00fcllt haben. <br>Bereits am Donnerstag Abend waren dann schon die ersten Busse auf dem Platz. Aus Basel, Bern, dem deutschen Garmisch-Patenkirchen oder dem Kanton Argau &#8211; jeder suchte sich seinen Stellplatz, um f\u00fcr das Wochenende gewappnet zu sein. <\/p>\n\n\n<div class=\"wp-block-image\">\n<figure class=\"alignleft size-large is-resized\"><a href=\"http:\/\/vwbustreffen.ch\/wp\/wp-content\/uploads\/2022\/06\/OXLD7754-e1656233312437.jpg\"><img loading=\"lazy\" decoding=\"async\" src=\"http:\/\/vwbustreffen.ch\/wp\/wp-content\/uploads\/2022\/06\/OXLD7754-1024x768.jpg\" alt=\"\" class=\"wp-image-46106\" width=\"353\" height=\"263\"\/><\/a><\/figure><\/div>\n\n\n<p>Am Freitag wurde es dann Ernst. Da f\u00fcr den Mittag die Tour de Suisse genau auf der Strasse zum Camping geplant war, sind bereits am Vormittag viele Busse eingekehrt. Leider versp\u00e4teten sich die Radprofis um fast 2 Stunden, weshalb die Strassensperrung auch erst sp\u00e4ter aufgehoben wurde. Aber bereits am Freitag Abend war der Platz bereits gut gef\u00fcllt gewesen. <br>Das traditionelle Raclette-Essen \u00fcbernahm dieses Jahr wieder das Restaurant Tunetsch und wurde von allen zahlreich besucht. Inhaber Silvio war sehr zufrieden gewesen. <\/p>\n\n\n<div class=\"wp-block-image\">\n<figure class=\"alignright size-large is-resized\"><a href=\"http:\/\/vwbustreffen.ch\/wp\/wp-content\/uploads\/2022\/06\/IMG_0645-scaled-e1656233060901.jpg\"><img loading=\"lazy\" decoding=\"async\" src=\"http:\/\/vwbustreffen.ch\/wp\/wp-content\/uploads\/2022\/06\/IMG_0645-1024x768.jpg\" alt=\"\" class=\"wp-image-46077\" width=\"339\" height=\"253\"\/><\/a><\/figure><\/div>\n\n\n<p>Derweil startete hinten an der Camping-Bar der Partyabend mit guter Musik und k\u00fchlen Getr\u00e4nken. Bekanntlich sind die ersten Party-Abende immer die Sch\u00f6nsten und L\u00e4ngsten &#8211; und so kam es, dass wir (auch Dank unserer Z\u00fcrcher Freunde) erst gegen 4 Uhr im Bett lagen. In ewiger Erinnerung wird uns aber definitiv der &#8222;Purple Rain Kreis&#8220; bleiben (kleiner Insider). <\/p>\n\n\n\n<p>Schon am Samstag Morgen ging es dann f\u00fcr die Ersten von uns mit frischem Kaffee weiter, um die Fr\u00fchaufsteher mit dem schwarzen Gold in den Tag zu bringen. Einige der Besucher nutzten den Tag f\u00fcr einen Ausflug zu den sch\u00f6nen Zielen im Oberwallis. Ein P\u00e4rchen war sogar oben beim ber\u00fchmten Aletsch-Gletscher. Derweil nahmen sich die Verbliebenden die Zeit, um sich unter ihren Zeltplanen auszutauschen, k\u00fchle Getr\u00e4nke zu geniessen, in den Pool zu springen oder neue Bekanntschaften zu schliessen. <br>Vom Campingplatz Betreiber haben wir unterdessen erfahren, dass sich insgesamt 69 Busse angemeldet haben. <\/p>\n\n\n\n<p>Der Abend verlief dann \u00e4hnlich wie am Freitag. Party und ausgelassene Stimmung an der Bar. Nicht mehr ganz so streng, wie noch am Vorabend &#8211; da ja alle am n\u00e4chsten Tag wieder heim fahren mussten, dennoch tanzten Viele und genossen die Zeit. Kleiner FunFact: Als gegen halb 3 Uhr der letzte Gast noch sein letztes Bierchen nahm, waren wir komplett ausverkauft, was das K\u00fchle Blonde betrifft. \ud83d\ude42<br>Bereits am Sonntag Morgen dr\u00f6hnten schon die ersten Motoren der Busse, die wieder nach Hause gefahren sind. <\/p>\n\n\n\n<p>Wir bedanken uns an dieser Stelle bei allen Besuchern, Sponsoren, G\u00f6nnern, Helfern und dem Campinplatz Tunetsch f\u00fcr ein tolles VW Bustreffen in 2022. <br>Und wir freuen uns, euch auch n\u00e4chstes Jahr wieder im Oberwallis begr\u00fcssen zu k\u00f6nnen. <br><br>Liebe Gr\u00fcsse<br>Patrik, Rico, Fredy &amp; Dela<\/p>\n","protected":false},"excerpt":{"rendered":"<p>VW Bustreffen 2022 &#8211; Zrugg ze Wurzle Nachdem wir im letzten Jahr Corona-bedingt nur ein &#8222;VW Bus Camping&#8220; machen konnten, waren wir dieses Jahr umso froher, dass wir endlich wieder ohne Einschr\u00e4nkungen ein Treffen veranstalten konnten. Nachdem 2020 das OK komplett gewechselt hat, haben wir uns zusammengesetzt und die Ausrichtung f\u00fcr die zuk\u00fcnftigen Treffen besprochen.<a class=\"moretag\" href=\"http:\/\/vwbustreffen.ch\/wp\/vw-bus-treffen-2022\/\"> Read the full article&#8230;<\/a><\/p>\n","protected":false},"author":1,"featured_media":0,"parent":0,"menu_order":0,"comment_status":"closed","ping_status":"closed","template":"","meta":{"ngg_post_thumbnail":0,"footnotes":""},"_links":{"self":[{"href":"http:\/\/vwbustreffen.ch\/wp\/wp-json\/wp\/v2\/pages\/4360"}],"collection":[{"href":"http:\/\/vwbustreffen.ch\/wp\/wp-json\/wp\/v2\/pages"}],"about":[{"href":"http:\/\/vwbustreffen.ch\/wp\/wp-json\/wp\/v2\/types\/page"}],"author":[{"embeddable":true,"href":"http:\/\/vwbustreffen.ch\/wp\/wp-json\/wp\/v2\/users\/1"}],"replies":[{"embeddable":true,"href":"http:\/\/vwbustreffen.ch\/wp\/wp-json\/wp\/v2\/comments?post=4360"}],"version-history":[{"count":16,"href":"http:\/\/vwbustreffen.ch\/wp\/wp-json\/wp\/v2\/pages\/4360\/revisions"}],"predecessor-version":[{"id":46333,"href":"http:\/\/vwbustreffen.ch\/wp\/wp-json\/wp\/v2\/pages\/4360\/revisions\/46333"}],"wp:attachment":[{"href":"http:\/\/vwbustreffen.ch\/wp\/wp-json\/wp\/v2\/media?parent=4360"}],"curies":[{"name":"wp","href":"https:\/\/api.w.org\/{rel}","templated":true}]}}

<div class="wp-block-image">
<figure class="alignleft size-medium is-resized"><img loading="lazy" decoding="async" src="http://vwbustreffen.ch/wp/wp-content/uploads/2022/05/279912936_452248403370679_6297906502021621348_n-300x212.jpg" alt="" class="wp-image-42296" width="350" height="247" srcset="http://vwbustreffen.ch/wp/wp-content/uploads/2022/05/279912936_452248403370679_6297906502021621348_n-300x212.jpg 300w, http://vwbustreffen.ch/wp/wp-content/uploads/2022/05/279912936_452248403370679_6297906502021621348_n-768x541.jpg 768w, http://vwbustreffen.ch/wp/wp-content/uploads/2022/05/279912936_452248403370679_6297906502021621348_n.jpg 800w" sizes="(max-width: 350px) 100vw, 350px" /></figure></div>


<h3 class="wp-block-heading">VW Bustreffen 2022 &#8211; Zrugg ze Wurzle</h3>



<p>Nachdem wir im letzten Jahr Corona-bedingt nur ein &#8222;VW Bus Camping&#8220; machen konnten, waren wir dieses Jahr umso froher, dass wir endlich wieder ohne Einschränkungen ein Treffen veranstalten konnten. </p>



<p>Nachdem 2020 das OK komplett gewechselt hat, haben wir uns zusammengesetzt und die Ausrichtung für die zukünftigen Treffen besprochen. In den Jahren zuvor wuchs die Verantwortung und Umsetzung immer mehr. Alles wurde grösser und komplexer &#8211; und damit rückte auch der finanzielle Aspekt mehr und mehr in den Vordergrund. Daher beschlossen wir, das Treffen 2022 nach dem Motto &#8222;Zrugg ze Wurzle&#8220; auszurichten. Als gemütliches Beisammensein mit guter Musik und regem Austausch.  </p>


<div class="wp-block-image">
<figure class="alignleft size-large is-resized"><a href="http://vwbustreffen.ch/wp/wp-content/uploads/2022/06/IMG_0613-scaled-e1656236697895.jpg"><img loading="lazy" decoding="async" src="http://vwbustreffen.ch/wp/wp-content/uploads/2022/06/IMG_0613-1024x768.jpg" alt="" class="wp-image-46219" width="355" height="265"/></a></figure></div>


<p>So begann am Donnerstag Vormittag der Aufbau unserer Bar, die nun nicht mehr aus einem umgebauten Wohnwagen bestand, sondern aus einem Pavillon, einer Bierzeltgarnitur als Tresen und ein paar Lichteffekten. Das Restaurant Tunetsch gab uns einen Frigor und vom Sportcenter Olympica aus Gamsen haben wir eine Partybox zur Verfügung gestellt bekommen, so dass der Aufbau mit guter Musik zügig vonstatten ging.  </p>


<div class="wp-block-image">
<figure class="alignright size-large is-resized"><a href="http://vwbustreffen.ch/wp/wp-content/uploads/2022/06/UQCE9964-e1656233320122.jpg"><img loading="lazy" decoding="async" src="http://vwbustreffen.ch/wp/wp-content/uploads/2022/06/UQCE9964-1024x768.jpg" alt="" class="wp-image-46107" width="341" height="254"/></a></figure></div>


<p>Immer wieder fiel dabei auch der Blick auf den Wetterbericht, der für dieses Wochenende tropische Temperaturen um die 37 Grad im Schatten vorhersagte. Da der Campingplatz in Mörel nicht unbedingt mit Schatten prahlen kann, mussten wir uns etwas einfallen lassen. Ein befreundetes Pärchen stellte uns daher einen 10.000 Liter grossen Swimming Pool zur Verfügung, den wir mit eiskaltem Wasser aus der Rhone gefüllt haben. <br>Bereits am Donnerstag Abend waren dann schon die ersten Busse auf dem Platz. Aus Basel, Bern, dem deutschen Garmisch-Patenkirchen oder dem Kanton Argau &#8211; jeder suchte sich seinen Stellplatz, um für das Wochenende gewappnet zu sein. </p>


<div class="wp-block-image">
<figure class="alignleft size-large is-resized"><a href="http://vwbustreffen.ch/wp/wp-content/uploads/2022/06/OXLD7754-e1656233312437.jpg"><img loading="lazy" decoding="async" src="http://vwbustreffen.ch/wp/wp-content/uploads/2022/06/OXLD7754-1024x768.jpg" alt="" class="wp-image-46106" width="353" height="263"/></a></figure></div>


<p>Am Freitag wurde es dann Ernst. Da für den Mittag die Tour de Suisse genau auf der Strasse zum Camping geplant war, sind bereits am Vormittag viele Busse eingekehrt. Leider verspäteten sich die Radprofis um fast 2 Stunden, weshalb die Strassensperrung auch erst später aufgehoben wurde. Aber bereits am Freitag Abend war der Platz bereits gut gefüllt gewesen. <br>Das traditionelle Raclette-Essen übernahm dieses Jahr wieder das Restaurant Tunetsch und wurde von allen zahlreich besucht. Inhaber Silvio war sehr zufrieden gewesen. </p>


<div class="wp-block-image">
<figure class="alignright size-large is-resized"><a href="http://vwbustreffen.ch/wp/wp-content/uploads/2022/06/IMG_0645-scaled-e1656233060901.jpg"><img loading="lazy" decoding="async" src="http://vwbustreffen.ch/wp/wp-content/uploads/2022/06/IMG_0645-1024x768.jpg" alt="" class="wp-image-46077" width="339" height="253"/></a></figure></div>


<p>Derweil startete hinten an der Camping-Bar der Partyabend mit guter Musik und kühlen Getränken. Bekanntlich sind die ersten Party-Abende immer die Schönsten und Längsten &#8211; und so kam es, dass wir (auch Dank unserer Zürcher Freunde) erst gegen 4 Uhr im Bett lagen. In ewiger Erinnerung wird uns aber definitiv der &#8222;Purple Rain Kreis&#8220; bleiben (kleiner Insider). </p>



<p>Schon am Samstag Morgen ging es dann für die Ersten von uns mit frischem Kaffee weiter, um die Frühaufsteher mit dem schwarzen Gold in den Tag zu bringen. Einige der Besucher nutzten den Tag für einen Ausflug zu den schönen Zielen im Oberwallis. Ein Pärchen war sogar oben beim berühmten Aletsch-Gletscher. Derweil nahmen sich die Verbliebenden die Zeit, um sich unter ihren Zeltplanen auszutauschen, kühle Getränke zu geniessen, in den Pool zu springen oder neue Bekanntschaften zu schliessen. <br>Vom Campingplatz Betreiber haben wir unterdessen erfahren, dass sich insgesamt 69 Busse angemeldet haben. </p>



<p>Der Abend verlief dann ähnlich wie am Freitag. Party und ausgelassene Stimmung an der Bar. Nicht mehr ganz so streng, wie noch am Vorabend &#8211; da ja alle am nächsten Tag wieder heim fahren mussten, dennoch tanzten Viele und genossen die Zeit. Kleiner FunFact: Als gegen halb 3 Uhr der letzte Gast noch sein letztes Bierchen nahm, waren wir komplett ausverkauft, was das Kühle Blonde betrifft. 🙂<br>Bereits am Sonntag Morgen dröhnten schon die ersten Motoren der Busse, die wieder nach Hause gefahren sind. </p>



<p>Wir bedanken uns an dieser Stelle bei allen Besuchern, Sponsoren, Gönnern, Helfern und dem Campinplatz Tunetsch für ein tolles VW Bustreffen in 2022. <br>Und wir freuen uns, euch auch nächstes Jahr wieder im Oberwallis begrüssen zu können. <br><br>Liebe Grüsse<br>Patrik, Rico, Fredy &amp; Dela</p>

<p>VW Bustreffen 2022 &#8211; Zrugg ze Wurzle Nachdem wir im letzten Jahr Corona-bedingt nur ein &#8222;VW Bus Camping&#8220; machen konnten, waren wir dieses Jahr umso froher, dass wir endlich wieder ohne Einschränkungen ein Treffen veranstalten konnten. Nachdem 2020 das OK komplett gewechselt hat, haben wir uns zusammengesetzt und die Ausrichtung für die zukünftigen Treffen besprochen.<a class="moretag" href="http://vwbustreffen.ch/wp/vw-bus-treffen-2022/"> Read the full article&#8230;</a></p>
